4 - -2).
-1
What is (3 - 0) + (-10 - -5)?
-2
Calculate -78 - -72 - (0 - -1).
-7
Calculate (1 - 5) + (-5 - -10) + -4.
-3
-2 + -8 + 2 + 4
-4
3 - 0 - (22 - 17)
-2
What is the value of (2 - -1) + 0 - 6?
-3
What is 0 - ((2 - 0) + -5 + 7)?
-4
Calculate -2 - (-10 - -1 - (-2 - 2)).
3
What is the value of -3 + (-1 - -1 - -3) + -1?
-1
1 - 1 - (-6 - (-3 - 1))
2
19 + (10 - 10) + -9
10
-4 + 2 + (1 - 4)
-5
(-15 - -17) + -7 - -4
-1
Evaluate -5 + (-6 + 4 - -7) + 6.
6
0 + -4 + (2 - -2) + 4
4
Evaluate 7 + -9 + (1 - -4).
3
8 + (7 + -4 - 7)
4
6 + (0 + 6 - 13)
-1
What is -6 + 3 - (1 + -4 + 1)?
-1
Calculate (0 - -2) + -2 + -6.
-6
Calculate 2 - (-7 + 0 + 5).
4
Calculate -1 + (-2 - -1) - (-25 - -23).
0
Calculate 4 + (-10 - -10) - -1.
5
What is -1 + -1 - 3 - -2?
-3
What is the value of 2 + -5 + 3 + -2 - -4?
2
What is the value of 4 - (-1 - (-6 - -6))?
5
What is the value of (-3 - 3) + 6 - (0 + 0)?
0
What is 4 + 2 - 3 - 5 - 1?
-3
-5 + -6 + 8 - (0 - 7)
4
Calculate -2 - (-3 - 1) - 5 - 2.
-5
What is 6 + -2 + -15 + 6?
-5
What is -3 - (-2 + 1 - 2) - -2?
2
Calculate -3 + (2 - 3) + 4.
0
Calculate (-6 - 1) + -9 + 21 + -8.
-3
What is -1 - ((-3 - 0) + (-1 - 0))?
3
What is -4 + 20 + -5 - (4 + 3)?
4
5 + -5 + 1 + -6
-5
Calculate 12 - ((-6 - -9) + 8).
1
78 + -82 - (-9 - 1)
6
54 + -43 + -5 + -1
5
Evaluate 15 + (-16 - -1) + (-4 - -11).
7
-6 + 0 + (0 - -6)
0
Evaluate (1 - (-1 - 2)) + -8.
-4
What is the value of (5 - 1) + (-47 - -44)?
1
Calculate 3 + (-12 - ((-4 - 3) + 2)).
-4
3 + -3 + -2 + -1
-3
0 - (1 + (-3 - (-2 + 0)))
0
Evaluate 11 - ((12 - 4) + -1).
4
Evaluate 1 - (-2 - (2 + -1 + 0)).
4
Evaluate -7 + 1 + 4 + 2 + -2.
-2
What is the value of -2 - (-6 + -1 - -7)?
-2
What is (4 - 5) + 2 + -6 - -3?
-2
What is -3 - (1 + -2 + -5)?
3
What is -2 - (0 - (-1 - (-6 - -5)))?
-2
-10 + 5 + (1 - (-5 + -1))
2
-9 + 1 - (60 + -67)
-1
Evaluate 3 + 0 + (-4 - -2 - -3).
4
Calculate 12 - (11 + -6 + 17).
-10
What is the value of -3 - 0 - (-27 + 10 - -5)?
9
What is 2 - (4 - (1 + (4 - -3)))?
6
What is -1 - -1 - 0 - 2?
-2
What is the value of (-10 - -15 - -3) + -13?
-5
Evaluate -6 - -14 - 5 - (-5 + 2).
6
(-3 - (-22 - -2) - 8) + -12
-3
Evaluate (4 + -7 - -3) + 2.
2
Calculate 1 + -3 - (9 + -25 + 11).
3
What is 13 + (1 - (-6 - -19))?
1
Calculate -2 + 6 + 3 + -8.
-1
1 + -11 + 10 + (3 - -1)
4
Calculate 27 + -26 - (-2 - (2 + -1)).
4
Evaluate 3 + 1 + -2 + 3 + -4.
1
What is -4 + 1 + (1 - (4 - 3))?
-3
-4 - (12 + -9 - 9)
2
What is the value of 12 - 16 - (-1 + (0 - 2))?
-1
What is the value of (-7 + 6 - 5) + 9?
3
What is the value of -2 - (-7 + 5 + -4 - -1)?
3
Evaluate 2 + (-5 + 1 - -7 - 7).
-2
Evaluate -4 - (-5 - (4 + (-9 - -6))).
2
What is the value of 4 - (-1 + 8 + -4 + -1)?
2
Calculate (-1 - -5) + 25 + -26.
3
What is the value of -6 + 2 - ((-5 - 2) + 4)?
-1
What is 1 - -3 - (1 - 0) - -1?
4
What is 4 + -7 + -1 - -7?
3
Evaluate -8 + (4 - 1) + (-15 - -14).
-6
Evaluate -1 + (2 - -2) + -4.
-1
1 - (-7 - -11 - 7)
4
What is 5 + (-3 - -2) + -5?
-1
What is 4 + -4 + 3 + 2?
5
What is 3 + -7 + 1 + (-1 - 0)?
-4
Evaluate 2 - (0 - (-1 + 2) - -4).
-1
Calculate 10 - (-7 + 5 + 5).
7
What is 0 - (-9 + 4) - 2?
3
-2 - -2 - (15 + (-3 - 6))
-6
Calculate 0 + -3 + -2 + 1 + 2.
-2
-1 + 0 - (77 + -81)
3
Evaluate 5 + 2 + (-18 - -9).
-2
Evaluate (10 - 4 - 13) + 3.
-4
What is -5 + 1 + (-1 - -2)?
-3
Evaluate -16 + (3 - -5) + 7.
-1
Calculate 0 - (1 + 5 + -7).
1
5 + (3 - 7) - (12 - 8)
-3
-1 + 1 + 4 + -2
2
What is the value of -24 + 0 - -12 - -12?
0
Calculate (-12 - -11) + 3 + -2.
0
Calculate -1 + 0 + 0 + 2 - 3.
-2
What is the value of 1 + (3 - 2 - 1) - 1?
0
What is the value of -2 + 0 + 6 + (6 - 13)?
-3
What is the value of -35 + 28 + 2 + 1 + 12?
8
What is (-2 - -1) + 2 - (3 + -1)?
-1
What is -102 - -99 - (-1 + -8)?
6
-3 - 3 - (14 - 19)
-1
-8 + (5 - (-6 + -1))
4
-3 - ((25 - 20) + (0 - 5))
-3
What is the value of (6 - 0) + 14 + -18?
2
Evaluate 1 - ((6 - (1 + -3)) + -4).
-3
Calculate 5 + -1 + -12 + 2.
-6
What is the value of -2 + 15 + -7 + -1?
5
Calculate 6 + 4 + -6 + 0 + -3.
1
What is 17 + -10 - 4 - 8?
-5
What is the value of -4 - (1 - (-3 - (-3 + 1)))?
-6
What is -3 + 5 - (-2 - (-3 - -4))?
5
Evaluate (-6 - -9) + 2 - 9.
-4
-8 + -3 + 9 + 7
5
What is -2 + 3 + (-2 - 1) - -1?
-1
(1 + 1 - 6) + 8 + 1
5
Calculate 0 - (-4 + 0 + 7 - 2).
-1
Calculate (-11 + 15 - 7) + -6.
-9
Calculate (0 + 5 - -3) + -4.
4
Evaluate -1 + 4 + 4 + 0 + -4.
3
3 + (0 + -6 - (24 - 22))
-5
What is -1 - (-4 + -1 + 8 - -1)?
-5
-10 + (15 - (3 - -5)) - -4
1
Calculate 2 + -9 - (3 - 7).
-3
What is the value of -1 - (-29 + 31 + (1 - 4))?
0
Calculate -4 + (-9 - -8) + (-1 - -3).
-3
Calculate (8 - 9) + (-2 - 2).
-5
Evaluate 3 - 13 - (9 - 14).
-5
Calculate (2 - 6) + 1 + 5.
2
What is the value of 3 + -9 - (9 + -4 - 9)?
-2
Evaluate 7 - (6 - 6) - 12.
-5
Evaluate 5 + -3 + (-1 - (-1 + -1)).
3
What is the value of -12 - (1 - (-2 + 9))?
-6
What is 0 + -2 + 3 - (-3 + -3)?
7
Calculate 6 + -5 - (6 + (0 - 13)).
8
What is the value of -8 + 1 - 2 - -4?
-5
What is the value of (2 - (0 - (2 + -5))) + -2?
-3
What is the value of 7 + 1 + -9 - -7?
6
-3 + (-4 - (-6 - -6) - -9)
2
Calculate 4 + (1 - (-9 - -6)) - 5.
3
What is 2 + -5 - (-5 - (-1 + 0))?
1
(-2 - 9) + 5 + 4 - -3
1
Evaluate 2 + -3 + (-1 - -1).
-1
(0 + -5 - -12) + -3
4
What is the value of 0 + 3 + 2 + 5 + -8?
2
What is the value of (-29 - 0 - -13) + 12?
-4
What is the value of (5 - 2) + 9 + -9?
3
What is -11 + 10 - (2 + -5) - 0?
2
(-9 - -3) + -4 - -8
-2
(1 - 7 - (-2 + 0)) + 1
-3
What is (5 - (12 + -6)) + 4?
3
What is the value of -2 + 10 - 4 - 4?
0
Calculate (-5 - (1 + 3)) + 8.
-1
What is 1 + 0 + (-11 - (-4 + -1))?
-5
Evaluate 5 - (20 + 0 + -9).
-6
What is -2 - -2 - (4 + 5 + -11)?
2
What is the value of -6 + 3 - (-1 - -1) - -7?
4
-5 + (-4 - -4) + 5
0
Evaluate (6 - 3) + (0 - 1).
2
What is -2 - (-2 + -3) - (0 - 2)?
5
Evaluate 3 + -7 + 4 + 3 + -7.
-4
0 + 9 - ((3 - 3) + 5)
4
-3 + 1 + 0 + (-8 - -9)
-1
Evaluate 1 - -3 - (-9 - (-30 + 14)).
-3
What is (-10 + 8 - (-4 + -1)) + -1?
2
What is the value of 1 + -3 + (2 - 2)?
-2
What is -2 + (11 - (2 + 3))?
4
What is the value of 1 + -8 + 2 - (1 + -3)?
-3
Evaluate -1 + 0 + -2 + (7 - 6).
-2
Calculate 1 - (-1 + 0) - (41 + -39).
0
What is 3 + (-7 - -5) + (-2 - -1)?
0
Evaluate 3 + 3 + 0 - 0 - 2.
4
What is the value of 4 + 3 + -2 - 5?
0
What is (0 - 0) + -13 + 7 + 9?
3
What is (0 - 2 - 0 - -3) + -3?
-2
Evaluate 9 - (-3 + 4) - (-23 + 22).
9
What is the value of -2 + 4 + 0 + (-16 - -11)?
-3
What is 1 + 0 + 4 + -4 + 2?
3
Evaluate 2 - -1 - (-53 + 57).
-1
What is the value of 10 + -2 + -4 + -13 - -4?
-5
What is the value of (6 - (0 - -1)) + -5 + 5?
5
9 + 3 + (-10 - -3)
5
Calculate (-1 - (1 - 7)) + 0.
5
-3 + (3 - 0) + (-5 - -1)
-4
Evaluate -13 + 6 - (-1 - 4) - -4.
2
-5 - (-10 + 5 + -1)
1
Calculate (-2 - (4 + -11)) + -4.
1
Calculate 3 + 0 + (-2 - -4).
5
(6 - 5) + -5 - 1
-5
What is the value of 1 + (6 - 5) + 2?
4
-2 + 7 - (-3 + 7 + -3)
4
What is the value of 40 + -50 - (3 + (-1 - 7))?
-5
(2 - 0 - -3) + 20 + -28
-3
What is -1 + (-3 - (0 - 3) - -4)?
3
What is -5 - (-3 - 7 - (-2 - 7))?
-4
What is -4 - (-12 + 22) - -3?
-11
-1 + -4 + (-1 - -2) + 7
3
Evaluate 1 + 8 + -6 + 4.
7
What is the value of -1 + 6 - (14 - 13)?
4
Evaluate -4 - (0 + -2 + 1).
-3
Evaluate 0 - (-7 - (-1 - 10)).
-4
Evaluate -2 + -5 - (-12 - -3).
2
Evaluate 4 - (1 - (0 + -8)).
-5
Evaluate 8 + (7 - -1 - 18) - -3.
1
Evaluate 1 + -7 + (-3 + 1 - -5).
-3
What is -3 + -2 + 4 + 3?
2
(-3 - (3 - 3)) + -2 + 0
-5
What is the value of (1 - -1) + (-75 - -68)?
-5
What is the value of (1 - 6) + 9 + (2 - 1)?
5
Calculate -6 + (6 - -6) + -2 + 2.
6
What is -1 + (1 - 0) - (6 + -4)?
-2
-18 + 16 - (3 + -1 + 0)
-4
Evaluate -7 + (-8 - -23) + -8.
0
What is the value of (4 - -2) + -3 + 2?
5
What is the value of 10 + -1 + (16 - 20)?
5
What is 0 + -4 - (14 - 16)?
-2
3 + 3 + -5 + -3 + -2
-4
3 + (-2 - (3 + (0 - 7)))
5
Calculate 4 + (4 - 15) - -3.
-4
What is -1 + (2 - -1) + -1?
1
Calculate 2 + (-4 - -6) + -6.
-2
What is the value of 2 - (5 - -2) - (10 - 9)?
-6
-29 + 48 - (3 + 9)
7
Evaluate -9 - ((-7 - -4) + (2 - -1)).
-9
Evaluate (-19 - -17 - (2 - -1)) + 1.
-4
Evaluate 9 - (7 + 3 + 9).
-10
What is 2 + (-2 - 0 - (6 - 4))?
-2
Calculate (7 - (4 + 3)) + 4 - 5.
-1
What is (2 + 2 - 2) + -4?
-2
Calculate -4 + -12 + (2 - 0) + 4.
-10
Calculate (5 + 3 - 5) + -10 - -1.
-6
7 + 1 - (2 + 1)
5
(-8 - (-3 + 1)) + (-12